What is -203 (base 4) in base 6?
-55
Convert 56 (base 12) to base 4.
1002
Convert -4 (base 14) to base 3.
-11
What is 6 (base 7) in base 5?
11
a6 (base 11) to base 6
312
What is 53 (base 11) in base 12?
4a
What is -21 (base 6) in base 11?
-12
What is -11 (base 7) in base 8?
-10
4 (base 9) to base 13
4
Convert -1 (base 5) to base 16.
-1
What is -24 (base 5) in base 4?
-32
What is -a8 (base 15) in base 10?
-158
14 (base 10) to base 4
32
Convert -75 (base 13) to base 12.
-80
110 (base 3) to base 10
12
-4 (base 6) to base 8
-4
What is 2201 (base 4) in base 8?
241
Convert 17 (base 10) to base 4.
101
Convert -55 (base 13) to base 8.
-106
Convert -22 (base 6) to base 13.
-11
Convert 6 (base 15) to base 16.
6
68 (base 10) to base 12
58
What is 14 (base 10) in base 9?
15
What is -7 (base 11) in base 16?
-7
Convert 52 (base 8) to base 11.
39
What is -11 (base 2) in base 5?
-3
What is -14 (base 5) in base 2?
-1001
Convert -2 (base 12) to base 4.
-2
What is 222 (base 4) in base 6?
110
What is -21 (base 16) in base 12?
-29
a (base 16) to base 15
a
-234 (base 5) to base 4
-1011
What is -9 (base 13) in base 2?
-1001
Convert -25 (base 13) to base 8.
-37
What is -4 (base 6) in base 2?
-100
-2b (base 13) to base 14
-29
Convert -2 (base 7) to base 8.
-2
What is -15 (base 11) in base 9?
-17
7a (base 14) to base 8
154
-2100 (base 3) to base 16
-3f
0 (base 7) to base 6
0
What is 17 (base 11) in base 13?
15
Convert -4 (base 8) to base 9.
-4
What is 3 (base 11) in base 2?
11
-46 (base 12) to base 13
-42
What is -12 (base 8) in base 11?
-a
Convert 26 (base 11) to base 16.
1c
What is 64 (base 8) in base 11?
48
Convert -14 (base 6) to base 5.
-20
Convert 6 (base 11) to base 10.
6
Convert -9 (base 10) to base 11.
-9
What is -10 (base 4) in base 10?
-4
Convert 10 (base 3) to base 6.
3
-202 (base 3) to base 8
-24
What is -7 (base 9) in base 10?
-7
-100 (base 2) to base 3
-11
What is -11100 (base 2) in base 9?
-31
Convert 2 (base 15) to base 10.
2
Convert 5 (base 15) to base 3.
12
-34 (base 15) to base 7
-100
What is 1 (base 5) in base 14?
1
33 (base 4) to base 10
15
Convert 11 (base 14) to base 12.
13
Convert -1100 (base 5) to base 11.
-127
What is -4 (base 15) in base 14?
-4
-221 (base 5) to base 16
-3d
What is 61 (base 14) in base 9?
104
What is -1011010 (base 2) in base 7?
-156
11 (base 4) to base 8
5
What is 165 (base 7) in base 16?
60
6 (base 9) to base 2
110
1 (base 2) to base 15
1
Convert -127 (base 11) to base 14.
-aa
Convert 4 (base 14) to base 16.
4
What is -37 (base 11) in base 15?
-2a
11001 (base 2) to base 3
221
Convert 377 (base 8) to base 9.
313
10101 (base 2) to base 5
41
-c (base 13) to base 11
-11
6 (base 7) to base 6
10
Convert -23 (base 11) to base 9.
-27
What is -1 (base 5) in base 6?
-1
What is -6b (base 13) in base 6?
-225
-1 (base 6) to base 8
-1
-3 (base 10) to base 2
-11
Convert -3 (base 11) to base 5.
-3
Convert -11 (base 9) to base 6.
-14
-e (base 15) to base 11
-13
What is -120 (base 3) in base 11?
-14
2b (base 16) to base 13
34
Convert 10 (base 8) to base 5.
13
-3 (base 4) to base 7
-3
What is 7 (base 13) in base 11?
7
What is 9 (base 15) in base 11?
9
Convert -32 (base 4) to base 5.
-24
Convert -105 (base 6) to base 10.
-41
What is -40 (base 8) in base 13?
-26
37 (base 16) to base 10
55
Convert 0 (base 11) to base 3.
0
-66 (base 16) to base 2
-1100110
What is -112 (base 4) in base 3?
-211
Convert 0 (base 14) to base 16.
0
Convert 1011 (base 2) to base 13.
b
Convert a (base 11) to base 6.
14
Convert -2 (base 14) to base 6.
-2
4 (base 11) to base 15
4
Convert 13 (base 7) to base 3.
101
Convert -3 (base 8) to base 4.
-3
Convert 6 (base 12) to base 3.
20
Convert 5 (base 10) to base 11.
5
What is 21 (base 13) in base 3?
1000
Convert 107 (base 10) to base 4.
1223
What is 113 (base 4) in base 7?
32
-1101 (base 3) to base 10
-37
Convert 104 (base 12) to base 8.
224
What is -422 (base 7) in base 16?
-d4
-3 (base 12) to base 4
-3
Convert -24 (base 13) to base 2.
-11110
-24 (base 12) to base 7
-40
What is 24 (base 10) in base 14?
1a
Convert 57 (base 11) to base 15.
42
What is -5 (base 16) in base 8?
-5
Convert -5 (base 6) to base 3.
-12
Convert 230 (base 4) to base 14.
32
11 (base 8) to base 7
12
What is 1 (base 3) in base 2?
1
What is 10 (base 7) in base 10?
7
1 (base 16) to base 8
1
-4 (base 12) to base 13
-4
Convert c3 (base 15) to base 7.
351
33 (base 5) to base 8
22
What is 10 (base 3) in base 6?
3
What is 164 (base 8) in base 16?
74
What is -6 (base 12) in base 4?
-12
Convert 2 (base 10) to base 6.
2
209 (base 11) to base 8
373
What is -1 (base 8) in base 2?
-1
2202 (base 3) to base 12
62
What is -110 (base 9) in base 2?
-1011010
-9 (base 15) to base 2
-1001
Convert 1 (base 16) to base 2.
1
-1 (base 13) to base 6
-1
Convert 100 (base 7) to base 13.
3a
What is -2 (base 4) in base 14?
-2
Convert -125 (base 8) to base 12.
-71
19 (base 15) to base 16
18
What is -73 (base 10) in base 7?
-133
What is 4 (base 16) in base 2?
100
What is 5 (base 13) in base 7?
5
What is -10102 (base 3) in base 8?
-134
Convert 8 (base 14) to base 12.
8
-6 (base 12) to base 16
-6
23 (base 6) to base 3
120
Convert 100111 (base 2) to base 12.
33
Convert -2 (base 9) to base 7.
-2
20 (base 3) to base 10
6
What is -1102 (base 3) in base 8?
-46
-1 (base 15) to base 3
-1
What is -302 (base 4) in base 6?
-122
-6 (base 12) to base 10
-6
What is -4b (base 16) in base 12?
-63
What is -6a (base 16) in base 10?
-106
What is 8 (base 14) in base 4?
20
What is -9 (base 10) in base 14?
-9
14 (base 9) to base 4
31
What is c (base 13) in base 8?
14
-3 (base 12) to base 3
-10
Convert 4 (base 8) to base 14.
4
What is a (base 14) in base 2?
1010
What is -9 (base 16) in base 6?
-13
What is 0 (base 3) in base 4?
0
-b1 (base 13) to base 3
-12100
What is 31 (base 12) in base 10?
37
What is 1 (base 8) in base 14?
1
Convert 1010 (base 2) to base 14.
a
1 (base 9) to base 10
1
What is -5a (base 11) in base 7?
-122
Convert -122 (base 11) to base 8.
-221
Convert -1a (base 16) to base 8.
-32
35 (base 7) to base 13
20
Convert -1331 (base 4) to base 9.
-148
What is -2 (base 15) in base 16?
-2
4 (base 14) to base 4
10
-33 (base 5) to base 6
-30
Convert 2 (base 7) to base 9.
2
-201 (base 4) to base 10
-33
Convert -c (base 16) to base 6.
-20
Convert -1 (base 5) to base 3.
-1
Convert -15 (base 10) to base 12.
-13
-52 (base 6) to base 8
-40
-255 (base 7) to base 11
-116
Convert 6 (base 10) to base 4.
12
Convert -9 (base 12) to base 3.
-100
Convert -1 (base 3) to base 12.
-1
What is -17 (base 12) in base 10?
-19
2 (base 7) to base 6
2
48 (base 12) to base 3
2002
Convert 0 (base 16) to base 13.
0
Convert -120 (base 3) to base 6.
-23
7b (base 14) to base 6
301
Convert 9 (base 13) to base 6.
13
-12 (base 13) to base 15
-10
Convert 25 (base 6) to base 3.
122
Convert -c (base 16) to base 13.
-c
What is -227 (base 9) in base 5?
-1222
-30 (base 4) to base 15
-c
47 (base 15) to base 14
4b
1 (base 16) to base 4
1
-223 (base 4) to base 9
-47
Convert 94 (base 12) to base 4.
1300
-1 (base 13) to base 10
-1
Convert 202 (base 5) to base 3.
1221
What is 111 (base 2) in base 8?
7
What is 1 (base 11) in base 4?
1
Convert a (base 13) to base 11.
a
Convert -101 (base 3) to base 13.
-a
-214 (base 6) to base 10
-82
-56 (base 14) to base 11
-6a
What is -5 (base 7) in base 13?
-5
-9 (base 11) to base 13
-9
Convert 2 (base 4) to base 16.
2
Convert -1 (base 10) to base 2.
-1
What is 9 (base 10) in base 11?
9
Convert -20 (base 9) to base 16.
-12
Convert -10 (base 3) to base 16.
-3
-3 (base 11) to base 15
-3
4b (base 12) to base 3
2012
-10 (base 3) to base 6
-3
10 (base 3) to base 9
3
d6 (base 16) to base 2
11010110
Convert 0 (base 3) to base 14.
0
Convert -d (base 16) to base 12.
-11
What is 0 (base 5) in base 10?
0
What is 33 (base 5) in base 8?
22
What is 111 (base 2) in base 3?
21
What is -23 (base 10) in base 7?
-32
87 (base 11) to base 2
1011111
What is 11 (base 10) in base 14?
b
What is 0 (base 9) in base 13?
0
Convert 11 (base 3) to base 6.
4
Convert -1 (base 13) to base 6.
-1
Convert -223 (base 8) to base 5.
-1042
21 (base 3) to base 7
10
-16 (base 11) to base 12
-15
What is -2a (base 16) in base 6?
-110
-30 (base 12) to base 15
-26
-1 (base 3) to base 9
-1
3 (base 15) to base 2
11
-1201 (base 3) to base 5
-141
5 (base 12) to b